*2 - 317. Is g(i) composite?
True
Suppose -5*z - 2*f = -3459 - 1382, 5*z = -3*f + 4839. Let m = z + -512. Suppose -4*g = -571 - m. Is g a prime number?
True
Let s be 2/8 + (-20)/16. Let b be -2 + 2 - s - (-7 + -3). Suppose -1563 = -b*n + 10*n. Is n composite?
True
Let l = -727085 + 1056220. Is l a prime number?
False
Suppose 7070564 = 57*c - 7119714 + 1235261. Is c prime?
True
Is -93 - -106 - -1956*9 a composite number?
True
Suppose -4*p - 3*q = -2*p + 9, -3*q = 15. Let d(j) = -4*j**3 + j**2 - j - 1. Let t be d(-1). Suppose -10 = -t*z, -7*f = -p*f + 4*z - 8788. Is f composite?
True
Let f be -2*(26/(-7) + (-4)/14). Suppose 5*b + 297 = f*b. Let h = b - -50. Is h a prime number?
True
Suppose -h - 3*v + 49649 = 0, 162*v - 163*v + 99318 = 2*h. Is h a prime number?
False
Let z(m) = 18*m**2 + 11*m - 11. Let d be z(1). Suppose k - 99 = 2*n, -d*k + 4*n + 307 = -15*k. Is k composite?
False
Let h = -4512 + 26143. Is h composite?
True
Let f = -12383 - -926. Is 1/(-1)*(f - 10) a prime number?
True
Suppose 5*r = -o + 31, 7*o = 3*o - 4*r + 44. Suppose -3*g + 1 = -5. Is (36014/33)/(g*2/o) prime?
True
Let f be (6 - 3/12*22) + (-5)/(-2). Let i be 2/(-9) + (-2)/(-9). Suppose 0 = r - 3*l - 2311, l + 1 - f = i. Is r composite?
True
Let x = 755 + 14. Let o = x - 183. Is o a prime number?
False
Suppose 13*s - 21*s = 0. Let x(z) = z**2 + 9*z + 3777. Is x(s) composite?
True
Suppose 783 = -21*t - 225. Let r = 721 - t. Is r a prime number?
True
Let i be -9*3/(18/(-4)). Suppose 0 = i*p - 9*p + 42. Suppose -10*a + p*a - 484 = 0. Is a prime?
False
Let b(l) = 274*l + 8. Let j be b(-2). Let g = 1743 + j. Is g a composite number?
True
Let s(w) = 1. Let d(k) = 24*k - 36. Let r(x) = -d(x) + s(x). Is r(-5) composite?
False
Let a(w) = 55*w + 101. Let d(n) = -82*n - 153. Let q(l) = 8*a(l) + 5*d(l). Let t be (-84)/(-15) + (-2)/(-5). Is q(t) composite?
False
Let f(w) = -78*w**3 - 19*w - 78. Suppose -38*d - 215 = 5*d. Is f(d) prime?
True
Suppose 2*g - 10*g = 0. Suppose g = -3*p - 0*p - 6, -2759 = -i - 5*p. Let w = -1370 + i. Is w a composite number?
False
Let f(d) = 864*d**2 - 945*d + 52. Is f(29) composite?
False
Suppose -537420 + 3789802 = 17*t - 2196067. Is t composite?
True
Let d be (-1 + 3 - -7)/(5/(-285)). Let x = 3883 - d. Suppose 0 = 11*f - 15*f + x. Is f a composite number?
True
Suppose 5*t + 5*x - 28900 = 0, 0 = -3*t + x + 12062 + 5286. Suppose -6*w + t = -4*w - 2*n, 8677 = 3*w - n. Is w a composite number?
True
Let b(o) be the first derivative of 55*o**3 + 3*o**2 - 4*o + 26. Let z be b(2). Suppose -742 - z = -6*q. Is q prime?
False
Let s = 683177 - 234594. Is s composite?
True
Suppose -441 = -3*t - 81. Let h be t/((18/56)/((-42)/(-49))). Let v = h + 123. Is v a composite number?
False
Let x be (-2)/2 + (-4)/3*-3. Suppose 60 = x*s - 9*s. Let a(y) = 13*y**2 - 11*y - 11. Is a(s) a composite number?
False
Suppose 0 = 4*n - 2*t - 144462 - 1522712, 416776 = n - 3*t. Is n prime?
True
Suppose -287457 = 23*w - 2169892. Is w composite?
True
Suppose 5*m + 3329 = 4*x - 17897, -4*m - 26537 = -5*x. Is x prime?
True
Suppose 2 = o, 3*o = -4*y + 2*o + 3398. Suppose -6*u = -9*u + y. Let d = 498 + u. Is d composite?
True
Is 5144*3225/420 - (-6)/14 composite?
False
Suppose -2*p - q = p - 42505, 5*q - 56688 = -4*p. Is p prime?
False
Suppose 0 = -390*j - 96798 + 427908. Let o be 6/(-27) - (-25024)/18. Let w = o - j. Is w composite?
False
Suppose 1264*f = 1269*f + 3959130. Is ((f/(-56))/(-17))/(3/(-4)) a composite number?
False
Let j = 568689 + -402092. Is j prime?
True
Let d(l) = 1475*l - 4. Let w(h) = -3*h + 1. Let r(m) = d(m) + 5*w(m). Is r(1) prime?
False
Let a(j) = j**3 - j - 1. Let x(g) = 118*g**3 + 10*g + 2. Let z(h) = 3*a(h) + x(h). Is z(4) a composite number?
True
Let b(k) = -16*k - 93. Let x be (4 - 1) + 30 + -40. Is b(x) a composite number?
False
Let l be (0 + 5/(-1) - -4) + 3538. Let q = 9826 - l. Is q a prime number?
False
Let z be 3*9 - (0 - 3). Suppose 0 = 3*r + 2*r - z. Is ((-3)/(-2))/(r/284) composite?
False
Suppose -3*b - 4309 = 5*c, 8*b = 12*b + 12. Let j = 1561 + c. Is j composite?
False
Suppose 0 = -2*v - c + 88765, 39*c + 133149 = 3*v + 41*c. Is v a prime number?
True
Suppose 7*q - 1798 = 5*q. Suppose 2*h - 27 = q. Suppose h = 2*r - r - 4*s, 0 = 2*r + 5*s - 861. Is r prime?
True
Let s(q) = 113*q**2 - 756*q + 254. Is s(63) composite?
True
Suppose 3600528 = 16*r + 32*r. Is r composite?
False
Let o = -1408 - -290703. Is o a composite number?
True
Let n(s) = 28904*s**2 + 221*s - 1112. Is n(5) a prime number?
False
Let a be 9/(-45) + 72/10 + -3. Suppose m + w - 2079 = a*w, 6224 = 3*m + 4*w. Is 2/(-1)*(m/(-8) - 4) composite?
True
Let x(p) = -2*p + 21. Let u be x(-7). Let m = -31 + u. Is (-4 + 4 - m)*(-865)/4 a composite number?
True
Suppose 17256578 = -9014*j + 9035*j + 3161567. Is j composite?
True
Suppose -x - 11 = -2*u + 14, 5*u = -2*x + 40. Suppose 12*a - u*a = 4*p + 414, 2*a + 5*p = 378. Is a a prime number?
True
Let m be 12*(-4 - 85/(-20)). Suppose 0*h - 16 = -4*i + 2*h, 0 = m*i + 5*h + 1. Suppose 3*x - y - 1906 = 0, y + 2*y + i = 0. Is x a prime number?
False
Let y(g) be the third derivative of 7*g**6/60 + g**5/60 - 7*g**4/24 + g**3/3 + 14*g**2. Let q be y(4). Suppose 6*t - 1016 = q. Is t composite?
False
Suppose 51 = 2*p - 3*i, -6*i - 75 = -3*p - 3*i. Suppose -26*l = -p*l + 122. Let j = 82 + l. Is j prime?
False
Suppose 115678741 + 192751987 = 136*h. Is h a composite number?
False
Suppose -c + 3 = k - 4*c, 5*c = -2*k - 5. Suppose -b + 8467 = -2*t, k = -4*b + 9*b + t - 42335. Is b a prime number?
True
Let h(t) = 443*t**2 - 92*t - 1094. Is h(-15) a composite number?
False
Let i(n) = 21*n - 42. Let d be i(12). Let v be 8/6 - 2/6. Let h = d + v. Is h composite?
False
Let t(g) = 13*g + 943. Suppose -25*x - 5 = -w - 24*x, 0 = -4*w + x + 5. Is t(w) composite?
True
Let r(v) = 10840*v**2 - 160*v - 13. Is r(4) composite?
False
Let d(g) = -3*g**3 - 6*g**2 + 3*g + 11. Suppose 22 = -3*q - a, q + 3*a + 21 - 3 = 0. Let m be d(q). Suppose -j = -6*j + m. Is j prime?
False
Let v(r) = -890*r + 593. Is v(-48) a composite number?
False
Let b(n) = -n**3 + 7*n**2 - 7*n + 51. Let z be b(7). Suppose 5*o = y + 47771 + 10946, z*y + 4 = 0. Is o a prime number?
True
Let s(x) = 61*x + 1. Suppose -3*t = t - 20. Let b be ((-20)/t)/((-3)/6). Is s(b) prime?
False
Let d(u) = 101 + 68*u - 542*u - 441*u. Is d(-4) prime?
True
Let n = 41 + -41. Let q be (-1)/(((-15)/20)/(n + 7179)). Suppose 9*r - q = 10417. Is r prime?
True
Let c = -12731 - -36816. Let a = c + -15144. Is a a prime number?
True
Let i be -15 + 19 - (0 + 11). Is (-16021)/i + 2 - (-38)/133 a prime number?
False
Let n be 6/4*(50/3)/5. Let z be (-3 - 1)/(-4 + n + -2). Is z/((-4)/(-4321)) + -3 + 1 a composite number?
True
Let t be 1*1810/(25/5) + 0. Let k = t - -3. Is k a prime number?
False
Let r(w) = -212307*w - 506. Is r(-9) composite?
False
Suppose 3*s = 2*m + 118759, -4*s = -4*m - 125155 - 33197. Is s a composite number?
True
Let i = 5087 - -14767. Let b = i + -11389. Is b composite?
True
Let j = 723 + -701. Suppose -5506 = -j*q + 13788. Is q prime?
True
Let u = 48532 + 29109. Is u prime?
True
Let g be (-1 + 10/4)*8. Let n(w) = 279*w + 48. Let r be n(g). Is (r/16)/((-15)/(-40)) a composite number?
True
Let y(b) = 4*b**3 - b**2 + 2*b - 1. Let o be y(1). Suppose -d - 2*d + 473 = -5*l, 689 = o*d + 5*l. Let p = d + 621. Is p composite?
False
Let o = -1146560 + 2528649. Is o a composite number?
False
Let a be ((-5965632)/(-360))/((-4)/10). Is a/(5 - 9)*3 prime?
False
Let b(s) = 891*s**3 + 128*s**2 - 933*s + 11. Is b(8) a composite number?
True
Let c be -5*5/15*(-1 + -599). Let d be (c/24)/((-2)/(-78)). Suppose 2*z - 4*u - d = -413, 626 = z + 3*u. Is z a prime number?
False
Let m be ((-4)/6)/(2/354). Suppose 5564 = 27*t - 9799. Let r = t + m. Is r a composite number?
True
Suppose -2807 - 3653 = -4*s. Suppose -d + s = d + i, i = -3*d + 2422. Is d composite?
True
Let f(m) be the first derivative of -2006*m**2 - 89*m - 190. Is f(-3) prime?
False
Let y(n) = 11*n**2 - 2*n - 11. Suppose 0 = a + 10*a - 121. Let f be y(a). Let z = 1855 - f. Is z composite?
False
Let m = -328 - -322. Is m/10 + 110106/135 a composite number?
True
Let m(i) = -i**3 + 5*i**2 + 12*i + 10. Let v be m(11). Let l = v - -2783. Is l a composite number?
True
Let b(k) = -k**3 + 2*k**